 + 9*x - 4*x + 150 = 0. Suppose -4*v + 1 = -k. What are the prime factors of v?
3
Let r be (-24)/(1/(-2) + -1). Let n = r + 4. Let s = n - -1. What are the prime factors of s?
3, 7
Let v be (10 - 7) + 13 + -1. Let u = 124 + v. What are the prime factors of u?
139
Let z(d) = d + 1. Let f be z(2). Suppose -f*n + 22 = y - 9, 0 = -5*n - 25. List the prime factors of y.
2, 23
List the prime factors of (-30)/65 + (-295200)/(-104).
2, 3, 11, 43
Suppose -4*d - 72 - 280 = 0. Let h = d + 130. What are the prime factors of h?
2, 3, 7
Suppose 7*q = 4*q - 4*i + 350, -3*q = 2*i - 340. Let p = -54 + q. Let u = -32 + p. List the prime factors of u.
2, 3
Suppose -2*p = -5*r + 2*p - 20, r - 2*p + 10 = 0. Suppose r*i - 5*i + 40 = 0. List the prime factors of i/(-6) - 122/(-6).
19
Let z be (-66)/8 - 1/(-4). Let n = z + 161. What are the prime factors of n?
3, 17
Let a(d) = -3*d**3 - 4*d**2 - 8*d - 5. Let k(n) = -n**3 + n**2. Suppose 4*j - 19 = -15. Let f(b) = j*a(b) - 4*k(b). What are the prime factors of f(9)?
2
Suppose -13*q = 239 - 304. Suppose 0 = -3*h + 2*h - 2*d + 39, -h + 57 = -4*d. Suppose -3*g = 0, q*g = -3*x + 4*g + h. What are the prime factors of x?
3, 5
Let r be 8/6*30/20. Suppose 271 = r*y + 63. What are the prime factors of y?
2, 13
What are the prime factors of 174/8*-2*-52?
2, 3, 13, 29
Let t be (-10)/12 + 1/(-6) - -1. Suppose -2*f - 2*r + 334 = t, 0 = 4*r - 32 + 12. List the prime factors of f.
2, 3
Let m(i) be the third derivative of -7*i**4/12 - i**3/3 - 9*i**2. What are the prime factors of m(-4)?
2, 3
Let l be (6/27)/((-2)/(-18)). List the prime factors of l - 1 - (-39)/1.
2, 5
Let c(n) = -2*n**2 - 4*n**2 + 24*n**3 + 5*n - 6 + 1 - 25*n**3. List the prime factors of c(-7).
3
Let j = 1004 + 680. List the prime factors of j.
2, 421
Let f(h) = 156*h + 117. What are the prime factors of f(3)?
3, 5, 13
Suppose -21*p = -13*p - 10160. Suppose -p = -9*m + 4*m + 5*k, 3*m - 763 = 4*k. What are the prime factors of m?
11, 23
Let u(a) = -2*a**3 - 25*a**2 - 50*a - 26. List the prime factors of u(-15).
43
Suppose -5*m = i + 2*i - 617, 0 = 4*m + 5*i - 504. Suppose -3*t + 35 = -m. List the prime factors of t.
2, 13
Suppose 14154 = 19*u - 13*u. List the prime factors of u.
7, 337
Let m be (-30)/135 - (-205)/(-9). Let r = -5 - m. What are the prime factors of r?
2, 3
Let q be -1 - (-2 + 20/4 - -64). What are the prime factors of (2 - 2 - q) + -4?
2
Suppose 5*o + 524 = v, -6*v = -3*v - 5*o - 1532. List the prime factors of v.
2, 3, 7
Suppose 0*g = -4*x - 2*g, 0 = 4*x - 2*g. Let r be 0 + -3 + x/7. Let a = r - -9. List the prime factors of a.
2, 3
Suppose 54*l = 67*l - 41444. List the prime factors of l.
2, 797
Let b = -60 + 40. List the prime factors of (-2868)/b - -4 - (-2)/(-5).
3, 7
Let b(s) = 2*s**2 + 105*s - 20. List the prime factors of b(-54).
2, 71
Suppose -2404 = -8*r + 5388. What are the prime factors of r?
2, 487
Suppose -7 = 2*m + i, 5 = 2*m - i + 14. Let f be (1 - 0)*(-180)/m. Suppose f = -2*r + 7*r. What are the prime factors of r?
3
Let q be -3 + (-87)/(-27) + 506/(-9). Let f = q - -157. List the prime factors of f.
101
Suppose 2 + 4 = 3*f. Let a be -2*(0 - f) + -2. Suppose a*p - 112 = -2*p. What are the prime factors of p?
2, 7
Let p be (-1 - 11)/(-3) - -14. Let n = p - 14. Suppose 4*k + n - 28 = 0. List the prime factors of k.
2, 3
Suppose -4589 = -2*y + 3*n, -5*y + 8*y - 6891 = 3*n. What are the prime factors of y?
2, 1151
Let h = 20 - 20. Suppose 3*w - 2*x + 5 = h, 2*w = -2*x - x + 14. What are the prime factors of w*(3 + (18 - 0))?
3, 7
Let p(v) = -2*v**2 + 13*v - 4. Let w be p(6). Let c be 3/2*66/1. Suppose c = w*g + g. What are the prime factors of g?
3, 11
Let g(r) = -r**3 - 6*r**2 - 3. Let h be g(-6). Let s be (-80)/(-6) + 1/h. Let m = -11 + s. List the prime factors of m.
2
Let z be 256/(-1)*24/(-48). Suppose 49*w = 48*w + z. List the prime factors of w.
2
Let x(o) = -o**3 - 18*o**2 + 24*o - 1. Let g be x(-21). Suppose -4*f + 2*v + g = 0, -v + 116 = f - 93. What are the prime factors of f?
2, 103
Let s be 4/(-3)*855/(-114). Let t(q) = q**3 - q**2 + q. Let w be t(1). List the prime factors of 1/((w + 4)/s).
2
Let l(d) = 3*d - 3. Let v be l(-6). Let o be ((-7)/v)/(2/498). Let c = -38 + o. List the prime factors of c.
3, 5
Let a(g) = 1455*g - 716. What are the prime factors of a(4)?
2, 11, 29
Let k = 240 + -82. Suppose 0 = 9*n + 32 - k. What are the prime factors of n?
2, 7
Let v = -6 - -9. Let t be (1/(v/39))/1. Suppose t = -5*p + 108. What are the prime factors of p?
19
Let u(w) = 2 - 25*w - 19 + 10. What are the prime factors of u(-2)?
43
Suppose 2*k = 16*q - 14*q + 1410, -5*k - 4*q = -3507. List the prime factors of k.
19, 37
Let m(r) = -1 - 4*r - r - 3*r**3 - 3*r - r**2 + 0*r**2. Let b(d) = -3*d**3 - d**2 - 9*d - 1. Let a(x) = -6*b(x) + 7*m(x). List the prime factors of a(-2).
23
Let g(j) be the second derivative of 5*j**4/6 - 7*j**3/6 - 3*j**2 - 25*j. What are the prime factors of g(4)?
2, 3, 7
Suppose 4 = 5*q + k, 5*q + 6 = 5*k - 14. Suppose -2*n = -5*y - 301, 2*y = -q*n - 3*n - 128. Let w = -27 - y. What are the prime factors of w?
2, 17
Let u be (36/30)/((-6)/20). List the prime factors of u/(-34) - (-916)/17.
2, 3
Let s be (-1)/(-4) + 594/24. Let n(q) = q**3 + 5*q**2 + 6*q + 1. Let b be n(-4). Let m = s + b. List the prime factors of m.
2, 3
Let l be 2544/(-21) - -2*(-1)/(-14). List the prime factors of (9/(-3) + 5)*l/(-2).
11
Let z(c) = -19*c + 174. List the prime factors of z(-25).
11, 59
Suppose -5 = 2*a + 3, 3*y + 2*a + 41 = 0. Let r = 30 + y. Suppose 5*s = -n - r + 269, 5*s - 3*n - 230 = 0. List the prime factors of s.
7
Let s = 274 + -194. Suppose -6*h + s = 5*l - h, 0 = -2*l - 4*h + 38. Suppose -3*v = -3*b - v + l, 0 = -4*b + v + 14. List the prime factors of b.
3
Let g = 2 + -8. Let o be (-3)/(2/176*g). Suppose u + o = 5*u. List the prime factors of u.
11
Let q = -4673 + 8791. List the prime factors of q.
2, 29, 71
Let s = -13 + 2. Let l = s - -14. Suppose l - 5 = -w. List the prime factors of w.
2
Let c(i) be the first derivative of -i**3/3 + 9*i**2/2 + 4*i + 2. Let v be c(9). List the prime factors of (-107)/(-7) - v/14.
3, 5
Suppose -4*i - 6 = h - 27, 0 = -h + 5. Suppose i*v + q - 559 = 0, v = -2*q + 132 - 1. List the prime factors of v.
3, 47
Let b = 715 - 231. What are the prime factors of b?
2, 11
Let c(b) = -18*b - 8. What are the prime factors of c(-29)?
2, 257
Let h be (-21)/14 - 654/(-4). Let f = h + -99. What are the prime factors of f?
3, 7
Suppose -4*n - 1908 = 4*t, 2*t + 954 = -3*n - 2*n. What are the prime factors of (-3)/(-6)*(-3 - 0 - t)?
3, 79
Suppose -2*m + 6 = m. Suppose 5*o + 5 - 23 = -3*s, 12 = m*s + 5*o. Suppose s*z - 424 = -124. List the prime factors of z.
2, 5
Let f(m) = -m**2 - 7*m - 6. Let t be f(-5). Let y = t - -5. Suppose 0 = -5*b + 4*j + 33, j - y = 3*b - 26. What are the prime factors of b?
5
Let x(u) = -10*u**2 + 12*u + 5*u + 12*u**2 + 26. What are the prime factors of x(-11)?
3
Suppose -27*i + 93047 = 31163. What are the prime factors of i?
2, 3, 191
Let o be 63/6*70/21. Suppose o - 10 = 5*p. Suppose -p*h + 144 = -81. List the prime factors of h.
3, 5
Suppose -8*m = -11*m + 15. Let q(d) = -d**3 + 5*d**2 + 4. Let u be q(m). Suppose -20 = 4*n, -3*s + 160 = -0*s + u*n. List the prime factors of s.
2, 3, 5
Let z(g) = -3*g + 49*g**2 + 3*g + 41*g**2. List the prime factors of z(-1).
2, 3, 5
Let l(a) be the first derivative of a**4/4 - 16*a**3/3 + 23*a**2/2 + 29. List the prime factors of l(15).
2, 3, 5
Let k(t) = 14*t + 3. Suppose 36 = 8*f + 4. List the prime factors of k(f).
59
Let q(m) = 5*m**2 + 4*m + 2. Let o(k) = 5*k + 3. Let c be o(2). Suppose -5*w + 3 = c. List the prime factors of q(w).
2, 7
Suppose 37*c = 40*c - 2*k - 10944, -4*c = 2*k - 14606. What are the prime factors of c?
2, 5, 73
Let p(k) = -k**3 + 21*k**2 - 22*k - 19. What are the prime factors of p(19)?
3, 5, 19
Suppose -11 = -3*a - 4*z + 782, -4*a + 2*z = -1050. What are the prime factors of a?
263
Let n = 1742 + -776. What are the prime factors of n?
2, 3, 7, 23
Let h(y) = y**2 - 17*y - 5. Let i be h(19). Suppose -4*u - 5*q = u - 135, -u + 5*q + i = 0. List the prime factors of u.
2, 7
Let z(x) = -x**3 - 6*x**2 - 2*x - 7. Let n be z(-6). Suppose -2*j = -2*b + 2*j + 110, 3*b - 121 = -n*j. List the prime factors of b.
47
L